 Give g(-23).
-961
Let k(c) = -c**2 - 647*c - 90082. Give k(-444).
50
Let p(l) = -7*l**2 + 1827*l - 64364. Give p(219).
22
Let z(d) = 2748*d**2 + 2484184*d - 7228. Give z(-904).
4
Let l(t) = 130*t - 11037. What is l(80)?
-637
Let n(g) = 102*g**3 - 67218*g**2 + 24*g - 15821. What is n(659)?
-5
Let y(b) = 36*b**3 + 22*b**2 + 35*b + 83. Determine y(-3).
-796
Let q(m) = 6445*m**2 - 805628*m + 372. Give q(125).
-3
Let y(a) = 7*a**2 + 7884*a - 5645. Give y(-1127).
-10
Let z(s) = -s**3 + 85*s**2 - 26*s - 62. Calculate z(0).
-62
Let z(s) = 159*s**2 + 5752*s + 29448. Calculate z(-30).
-12
Let i(d) = -31*d + 4993. Give i(163).
-60
Let j(m) = -4*m**2 - 2066*m - 100653. Determine j(-462).
63
Let p(x) = x**2 + 165*x + 2791. Calculate p(-146).
17
Let q(o) = -3837*o + 4362. Determine q(1).
525
Let q(w) = -w**3 + 3*w**2 - 43. What is q(8)?
-363
Let d(q) = 5*q**2 - 146*q + 720. Calculate d(6).
24
Let h(o) = -20*o**3 + 1167*o**2 - 453*o + 2733. What is h(58)?
7
Let x(q) = 2*q**3 - 523*q**2 - 24123*q - 55. Give x(-40).
65
Let m(h) = -12*h**3 + 2584*h**2 - 5146*h + 4. What is m(2)?
-48
Let v(y) = -y**3 - 93*y**2 + 15*y + 372. Determine v(-93).
-1023
Let b(h) = 156146*h + 624588. Determine b(-4).
4
Let q(w) = -8*w**2 - 1598*w - 78276. Determine q(-86).
-16
Let s(r) = -r**2 + 22158*r - 973042. Give s(44).
-26
Let v(g) = -3*g**2 - 68*g + 7131. Determine v(-61).
116
Let p(f) = -10462*f - 408011. Give p(-39).
7
Let o(r) = -300*r**2 - 9306*r + 112. Give o(-31).
298
Let x(q) = 1353280*q + 5413116. What is x(-4)?
-4
Let u(a) = 236*a**2 + 700*a + 1375. Give u(-2).
919
Let b(x) = 9*x**2 + 179*x - 33648. Determine b(52).
-4
Let m(s) = -8011*s + 1538095. Give m(192).
-17
Let z(o) = 14167*o + 396670. What is z(-28)?
-6
Let n(o) = -1323*o + 65246. What is n(47)?
3065
Let m(x) = 1412*x + 2393333. Calculate m(-1695).
-7
Let z(q) = -6*q**2 + 49*q + 1335. Give z(27).
-1716
Let t(s) = 156*s - 11658. Give t(58).
-2610
Let v(r) = -2701*r**2 + 548301*r + 376. Determine v(203).
-30
Let w(j) = 6*j**3 + 118*j**2 - 980*j - 18794. Determine w(-20).
6
Let f(q) = q**2 - 253799*q + 2537881. Determine f(10).
-9
Let s(x) = 3*x**3 + 2897*x**2 - 11563*x - 48. Calculate s(4).
244
Let w(g) = 135*g**2 + 2426*g + 45. Calculate w(-18).
117
Let a(f) = -5*f**2 - 1045*f + 4301. Determine a(4).
41
Let c(w) = -13157*w + 1920868. Calculate c(146).
-54
Let u(o) = -35222*o + 14722803. Give u(418).
7
Let h(l) = -l**2 - 2182*l - 23815. Give h(-11).
66
Let u(m) = m**2 + 69*m - 1251. Determine u(-71).
-1109
Let i(j) = -10*j**3 + 1038*j**2 + 200*j + 889. Determine i(104).
57
Let u(x) = -612*x + 1790. What is u(5)?
-1270
Let o(d) = d**2 + 4459*d - 76083. What is o(17)?
9
Let v(i) = 301*i**2 + 5384*i - 3. Give v(-18).
609
Let l(v) = -70*v - 2014. Determine l(-27).
-124
Let h(g) = -313*g**2 - 24725*g + 221. What is h(-79)?
63
Let y(r) = -6*r**3 + 123*r**2 - 274*r + 86. Determine y(18).
14
Let k(f) = -f**2 + 4085*f - 24463. What is k(6)?
11
Let x(r) = 727*r - 20261. Determine x(28).
95
Let k(g) = -13786*g - 317126. Calculate k(-23).
-48
Let c(k) = 22*k**2 - 868*k + 6890. What is c(11)?
4
Let j(o) = -46*o**2 - 2838*o + 834. What is j(-62)?
-34
Let g(v) = -49*v**2 - 1589*v + 2630. Determine g(-34).
12
Let x(g) = 5*g**2 - 668*g + 11257. What is x(20)?
-103
Let x(l) = 36*l**3 - 171*l**2 + 38*l + 5. What is x(4)?
-275
Let t(y) = y**3 - 40*y**2 + 272*y + 271. Calculate t(33).
1624
Let l(k) = 4*k**3 + 3102*k**2 - 4712*k - 38844. Give l(-777).
6
Let u(x) = -100*x**3 - 676*x**2 - 871*x - 15. Determine u(-5).
-60
Let w(l) = l**3 - 34*l**2 - 70*l - 7. Give w(37).
1510
Let s(n) = 11*n**3 - 1486*n**2 - 1067*n - 39844. Calculate s(136).
4
Let l(j) = 3*j**2 + 420*j - 825. Give l(0).
-825
Let r(y) = 2*y**3 + 106*y**2 - 26*y - 5183. Calculate r(-52).
1577
Let v(k) = -73*k - 11469. Calculate v(-154).
-227
Let p(x) = 189*x + 14898. Give p(-83).
-789
Let z(k) = k**3 + 14*k**2 - 878*k + 1241. Give z(-38).
-51
Let u(d) = -138453*d + 3322874. Determine u(24).
2
Let c(z) = 5145*z - 30857. What is c(6)?
13
Let m(q) = -4*q**3 + 504*q**2 + 1709*q - 20769. Calculate m(129).
0
Let f(t) = 22*t**2 - 15326*t - 5570. What is f(697)?
6
Let l(n) = -3*n**3 + 24*n**2 - 2*n - 7. Calculate l(8).
-23
Let b(v) = v**2 + 22912*v + 640619. What is b(-28)?
-133
Let p(f) = 57265*f + 229044. Determine p(-4).
-16
Let p(w) = 4434*w - 17714. What is p(4)?
22
Let t(w) = -126*w**3 - 693*w**2 + 4*w. Calculate t(-5).
-1595
Let l(w) = 4*w**3 - 30*w**2 - 188*w + 1423. Give l(7).
9
Let g(p) = 6351*p**2 - 190533*p + 94. What is g(30)?
4
Let k(j) = -54*j + 7069. What is k(125)?
319
Let q(y) = 209*y + 9537. Calculate q(-46).
-77
Let i(m) = -m**2 + 4265*m + 21364. Calculate i(-5).
14
Let x(u) = u**3 + 2*u**2 + 307*u + 2401. Determine x(-8).
-439
Let h(s) = -7546*s + 60373. Determine h(8).
5
Let k(b) = 2*b**2 - 1980*b + 482896. Calculate k(555).
46
Let j(a) = 345302*a - 4834230. Determine j(14).
-2
Let v(l) = -794*l + 20882. Calculate v(26).
238
Let a(y) = 6711*y + 1060352. Determine a(-158).
14
Let b(p) = -4*p**2 - 869*p - 11751. Give b(-203).
-180
Let h(b) = -4*b**3 + 4*b**2 - 697*b - 19. Calculate h(0).
-19
Let f(m) = -236*m**3 + 3*m**2 + 53*m - 56. Calculate f(1).
-236
Let r(x) = -x**3 + 333*x**2 - 25485*x + 2255. What is r(119)?
-6
Let k(s) = -47*s**2 + 87*s + 599. Give k(-7).
-2313
Let g(x) = x**3 + 200*x**2 - 3225*x + 25. Determine g(15).
25
Let d(x) = 4*x**3 + 3908*x**2 - 3894*x + 17607. Determine d(-978).
3
Let l(b) = -49*b - 6572. Give l(-138).
190
Let d(i) = i**2 - 36*i - 3383. What is d(82)?
389
Let k(i) = 1084*i**2 + 6490*i - 25. What is k(-6)?
59
Let z(r) = -222*r**2 + 3410*r + 10242. Calculate z(-3).
-1986
Let g(d) = -4*d**3 - 18*d**2 + 76202*d + 380978. What is g(-5)?
18
Let m(x) = 512856*x - 4102846. Calculate m(8).
2
Let x(q) = q**3 + 16*q**2 - 51*q - 84. Determine x(-18).
186
Let r(n) = -78*n**2 + 779*n - 13. Determine r(6).
1853
Let u(m) = -118944*m + 1427329. What is u(12)?
1
Let a(q) = -q**3 - 15*q**2 + 7827*q - 4141. Give a(81).
-10
Let d(r) = -r**3 + 63*r**2 - 287*r - 322. Calculate d(58).
-148
Let u(c) = -c**3 - 329*c**2 - 16552*c + 282. Give u(-267).
-252
Let h(t) = 8451*t + 14797676. Determine h(-1751).
-25
Let d(q) = -2*q**3 + 5*q**2 + 44*q + 63. Determine d(-3).
30
Let l(k) = -19*k**3 - 3*k**2 + 141*k - 410. Determine l(3).
-527
Let y(d) = -3*d**3 + 110*d**2 - 73*d + 57. Calculate y(36).
21
Let v(l) = -6*l**3 - 25*l**2 - 247*l - 1022. Give v(-4).
-50
Let x(u) = u**2 + 5618*u - 50622. Calculate x(9).
21
Let f(o) = -769*o**2 + 608*o - 3. Determine f(1).
-164
Let b(l) = -52*l**3 - 460*l**2 + 1264*l + 10721. What is b(-9)?
-7
Let x(y) = 12101*y - 302522. Calculate x(25).
3
Let t(p) = -p**3 - 26*p**2 + 32*p + 76. Calculate t(-27).
-59
Let u(m) = -7686*m + 38495. Calculate u(5).
65
Let h(w) = w**3 + 71*w**2 - 149*w + 542. Give h(-73).
761
Let r(h) = h**2 - 165*h + 573. Give r(162).
87
Let a(k) = -k**3 - 40*k**2 - 187*k + 676. Determine a(-33).
-776
Let l(i) = -2327*i - 72213. What is l(-31)?
-76
Let a(b) = -2*b**2 - 7321*b + 117651. What is a(16)?
3
Let p(c) = -c**3 - 20*c**2 + 108*c + 2409. What is p(-12)?
-39
Let o(u) = 30783*u - 800350. Calculate o(26).
8
Let y(o) = 2*o**3 + 1090*o**2 + 1032*o - 30475. Determine y(-544).
-11
Let i(n) = 1200*n - 20288. Determine i(18).
1312
Let z(j) = -2847*j**2 - 113896*j - 626. Determine z(-40).
14
Let x(c) = -343*c - 6700. Calculate x(-19).
-183
Let m(u) = 2*u**3 + 38*u**2 - 693*u - 12616. Calculate m(-16).
8
Let b(i) = i**3 - 5*i**2 - 949*i - 1123. Determine b(34).
135
Let c(n) = -2*n**2 - 293*n + 55318. What is c(-255)?
-17
Let x(q) = 318*q**2 + 20678*q + 507. Calculate x(-65).
-13
Let b(f) = -f**3 - 26*f**2 - 152*f - 5816. Calculate b(-28).
8
Let a(c) = -33*c**3 + 63*c**2 - 8*c + 35. What is a(3)?
-313
Let i(c) = 136*c**2 - 1714*c + 706. Calculate i(12).
-278
Let o(v) = v**3 - 29*v**2 + 187*v - 988. Give o(19).
-1045
Let f(c) = 62842*c - 942428. Give f(15).
202
Let j(x) = -38*x**2 - 769*x - 982. Determine j(-19).
-89
Let n(x) = -6989*x - 426051. Give n(-61).
278
Let h(x) = x**3 - 43*x**2 + 41*x + 818. Give h(-4).
-98
Let v(i) = -3873*i + 863238. Calculate v(223).
-441
Let r(g) = 2*g**2 - 70859*g - 283457. What is r(-4)?
11
Let l(n) = 42*n**3 + 4*n**2 - 57*n - 61. Calculate l(-1).
-42
Let s(m) = 10248*m + 27259